 the value of 10 - 2 - (-9 - -16)?
1
Evaluate 0 - (2 - 7 - -9).
-4
What is the value of 4 + 3 + (-6 - -2)?
3
Calculate 6 + 5 + -5 - 3.
3
Evaluate -2 + 4 - 1 - -5.
6
Calculate 36 - 34 - (2 - 6).
6
Calculate (9 - 4 - 7) + 4.
2
What is the value of -6 + (-3 - 0 - -14) + -3?
2
Evaluate -2 - (-13 + (6 - 0)).
5
What is 7 + (-2 - 8) - -2 - -2?
1
Evaluate (-6 + 10 - 11) + 2.
-5
Calculate (0 - 6) + 6 + (4 - 8).
-4
What is -3 - (-3 + 4 + -2)?
-2
0 + (-2 + 4 - 0)
2
Calculate -6 + 0 + -2 + 3 + 2.
-3
2 - (0 + -6 + 12)
-4
Evaluate 11 + 2 - (7 - (3 + -2)).
7
What is 7 + -9 - -2 - (-1 + 1)?
0
Evaluate 1 + 2 + -5 - -2.
0
What is the value of -2 - 3 - (4 + -7)?
-2
-5 + 2 + -7 + 6 + 7
3
-3 + 13 - (-3 - -8)
5
Evaluate (-1 - 1) + (-38 - -39).
-1
What is the value of 3 + (4 + -6 - 0 - 1)?
0
Evaluate 2 - (-7 + 4 + 0).
5
-5 + -4 + 14 - 0
5
(0 - 2) + (10 - 15 - -5)
-2
Evaluate 1 - 4 - (-10 - (-9 + -3)).
-5
Evaluate 1 + 3 - (20 + -20) - 1.
3
0 + (-1 - -6 - (-6 + 6))
5
What is (-1 - -3) + (-3 - -2) + -3?
-2
-16 + 8 - -3 - -2
-3
What is the value of -7 + 13 + -10 + 6?
2
What is -3 - (5 - 8 - -6)?
-6
Evaluate (-2 - 2) + -6 - -1.
-9
What is (7 + -5 - 3) + (0 - 4)?
-5
What is 8 + (-11 - (2 - 5))?
0
Evaluate 0 + 0 - (-70 + 72).
-2
Evaluate -3 + 0 + (-3 - -6) + 3.
3
Calculate 1 - (3 - -5 - (0 - -3)).
-4
What is the value of 2 + -1 - -8 - 3?
6
Calculate 8 + (-1 - 3) + -8.
-4
What is the value of (1 - 7) + 13 - (0 - -1)?
6
Calculate 14 - 18 - (3 - (3 - 0)).
-4
What is the value of 57 - 64 - (0 + -5 + 1)?
-3
What is the value of (151 - 147) + -1 + -11?
-8
3 - (-1 + 1) - 3
0
What is the value of -4 - -23 - (9 + 0)?
10
Calculate (0 + 2 - 5) + 1.
-2
What is the value of 5 + -10 + 15 - 15?
-5
What is the value of 16 + -12 + 3 + 0 + -12?
-5
-9 - (-5 + -4) - (6 - 1)
-5
Evaluate 0 + -1 - 0 - (0 + 2).
-3
Calculate -11 + (12 + 1 - (1 + 5)).
-4
Evaluate -52 + 59 + -4 + (-2 - 1).
0
0 - (-8 - -11) - (-5 + -1)
3
Evaluate 2 + -5 + 1 + (6 - 3).
1
Evaluate 0 + -1 - (-2 + (4 - 4)).
1
What is the value of -7 - (-6 + (-5 - -4) + 7)?
-7
Calculate -1 - 3 - ((2 - 3) + -2).
-1
What is the value of (5 - 2 - 0) + (1 - 2)?
2
-2 + (0 - 3) + -2 + 0
-7
-33 + 34 + 1 + 1 - 1
2
What is (-10 - -1) + (9 - 3)?
-3
Evaluate -8 - -2 - (6 - 10).
-2
Evaluate 10 + -14 + -1 + 3.
-2
What is -2 + (5 - 5) - (-3 + -2)?
3
What is -1 - (52 + -50 + 1 + -1)?
-3
What is 5 - (5 + 3 + 6 + -3)?
-6
-16 - -18 - (-6 - -1)
7
What is 3 + (-4 + 3 - -4) + -3?
3
What is the value of 2 + (-9 - -13) + 1?
7
(-5 - -4) + (3 - (-4 - -3))
3
Calculate (-4 - (-4 + 2)) + 3.
1
What is -13 + 1 - -7 - 2?
-7
Evaluate (0 - 1) + (-12 - (-16 - -10)).
-7
What is the value of 0 - (-3 + 4 + -1)?
0
Calculate 9 + 4 + (-5 - 1).
7
13 + 4 + (0 - 14)
3
Calculate -5 + (-3 + -1 + 4 - -1).
-4
-4 + 0 + -2 + 0
-6
0 - 5 - (8 + -3 - 1)
-9
What is the value of 8 + -1 + 12 + -10?
9
Calculate (5 - -5 - 5) + 0.
5
-5 + -3 + (-5 - -17)
4
Calculate 0 + 4 - (-36 + 33).
7
What is 2 - ((0 - -3) + -6 + 6)?
-1
What is -79 - -78 - (-7 - 0)?
6
Calculate -9 - -5 - (0 - 2).
-2
Evaluate 9 + -13 - (-2 - 7) - 5.
0
What is the value of 10 + (-2 - (8 - 2 - 0))?
2
-1 + -3 + (-1 - -5)
0
(1 + 6 - 0) + -13
-6
What is the value of -6 - (12 + -8 + -7)?
-3
What is the value of (1 - 7) + 14 + -3?
5
3 + 3 + (-9 - -1) + -3
-5
Calculate -12 + 9 + (4 - 0).
1
Evaluate (19 - 15) + -5 + 3.
2
Calculate (0 - 3) + (17 - (-10 - -16)).
8
(-1 - -2) + -3 - -1 - 0
-1
Calculate 22 + -16 - (10 - 2).
-2
What is the value of -2 - ((1 - -1) + -3 + 2)?
-3
2 - (8 - (1 + 3))
-2
-12 - (1 - (-6 + 13 - 0))
-6
Calculate -6 + -11 + 21 + -1.
3
What is the value of -2 + (0 - -3) + -4 + -1?
-4
What is (6 - 2) + 3 - 0?
7
Calculate 6 - 0 - ((-2 - 2) + 6).
4
Evaluate -6 - (-6 + -3 + 0).
3
What is the value of 4 + -4 + (6 - 9)?
-3
Calculate 1 - 3 - (-27 - -21).
4
What is the value of -1 + -3 - (9 - 8)?
-5
What is the value of 1 + (15 - -3) + 9 + -17?
11
Evaluate 1 + -7 + 17 - 6.
5
Evaluate -1 - (-5 - (0 - 3)).
1
Calculate -1 + 1 + (2 - 1 - 1).
0
Calculate 3 + -2 - -8 - (-33 - -47).
-5
What is -2 + 2 - -1 - (-4 + 9)?
-4
Evaluate (5 - 17 - -8 - 6) + 7.
-3
Evaluate (8 - (5 + -3)) + -2.
4
Evaluate (-8 + -5 - -7) + 5.
-1
1 - (-1 + 2) - (-52 + 48)
4
What is the value of -3 - (13 + -4 + -14)?
2
Evaluate (-11 - -12) + (-1 - -3).
3
Evaluate -3 + -1 + (-9 - (-3 + -5)).
-5
What is the value of -1 + (-5 - 1) + 5?
-2
What is the value of -3 - -6 - (2 + 1) - 4?
-4
Calculate 2 - (6 - 6 - -1).
1
What is the value of -27 - -20 - (2 + -7)?
-2
What is (15 - 4) + -9 - 7?
-5
Calculate 19 + -18 + 3 + (-1 - 0).
3
What is the value of -4 - (-9 + 6 + -1 + 3)?
-3
Evaluate (6 - (3 - -1)) + -7.
-5
What is -3 - (3 + 2 - (-2 - -5))?
-5
Calculate -7 - 2 - -12 - 1.
2
0 - 3 - ((-5 - -12) + -14)
4
Calculate -1 + (5 - 4) - -11 - 5.
6
Evaluate 0 + -2 + -1 + (3 - 4).
-4
-5 + -1 - (-8 + 1 + 6)
-5
What is the value of -5 + 0 + -16 + 2 + 13?
-6
Evaluate 1 - (6 + (-15 - -7 - 0)).
3
What is the value of (6 - (3 + 8)) + -3?
-8
-8 - (-7 - 6) - 11
-6
What is (-33 - -34) + 2 + -3 + 4?
4
What is (1 - 9) + (8 + -7 - -2)?
-5
Calculate (-2 - (7 - -1)) + (2 - -5).
-3
What is the value of 5 - (1 + 0 + 2)?
2
Evaluate 6 + (-1 - 0) + -8.
-3
Evaluate 3 - (5 - (1 - -5)).
4
Evaluate -7 - (-7 - (-1 + -1)).
-2
What is the value of (-7 - -2) + -1 + 6 + -3?
-3
Calculate -11 + 0 + -9 - -11.
-9
What is the value of 54 - 59 - (0 + 1)?
-6
Evaluate (0 - 0 - 9) + 6.
-3
4 + (1 - 0) + (26 - 25)
6
5 + 1 - (2 - (10 + -5))
9
What is the value of 8 + (-2 - 0) + (-5 - -2)?
3
What is -1 + 6 - (-2 - -10)?
-3
(2 - (-1 + 1)) + 10 + -15
-3
What is the value of -5 + 5 - (-1 + (1 - -1))?
-1
(-7 + -1 - -4) + 10 + -1
5
Calculate 3 + 1 + 0 - (-71 + 72).
3
What is -4 + (-3 + (8 - 3) - -2)?
0
Evaluate 2 + -2 + -1 + -1.
-2
Calculate 3 - ((0 - 1) + (5 - 3)).
2
Evaluate -9 - (1 - 8) - -2.
0
What is -1 + (7 + -3 - (2 + 0))?
1
Calculate (5 - 8) + (5 + -2 - 0).
0
Calculate -6 + -11 + 13 + 1 + -1.
-4
0 - 0 - -2 - (0 + 2)
0
3 - (10 + -12 + -4)
9
Calculate (0 - 0) + 0 - (2 - 3).
1
Calculate (-5 - (-6 - 2)) + -1.
2
Calculate -6 + 5 - (-15 - -16).
-2
Calculate -8 - ((-6 - -4) + 2).
-8
6 + -6 + -4 + -1
-5
What is the value of (-6 - -1) + (-6 - -11)?
0
What is 0 - (-1 + (3 - 5) + 2)?
1
Calculate 41 + -40 + -3 + -2.
-4
Calculate -2 - -1 - ((-4 - -1) + -2).
4
Calculate -20 - -16 - (-3 - -3).
-4
What is (2 - -2) + -9 + 5?
0
Evaluate -1 + (1 + 0 - (-9 + 7)).
2
Calculate -10 + (-7 - (-7 + -16)).
6
What is -7 - (4 + -14) - (2 + 0)?
1
Calculate 22 - 18 - (2 - -4).
-2
What is (-6 - -8) + -2 + 5 + 0?
5
Evaluate 4 - (-3 + 5 - 6 - -4).
4
What is the value of -9 + -1 + -11 + 10 + 4?
-7
What is the value of 0 - -1 - (8 - 12)?
5
Calculate (-1 - -12) + (-21 - 1).
-11
(4 + -8 - -4) + -13 + 21
8
What is the value of 17 + -18 + 9 + 1 + -2?
7
What is -5 - -8 - (0 + 0) - 0?
3
-8 + -2 + 7 + -1
-4
(3 - 2) + (61 - 62)
0
What is (1 - (2 - 3)) + -6?
-4
What is the value of (-8 - 0) + (9 - (7 - 1))?
-5
Calculate -2 + (1 - -1) - 4.
-4
Evaluate (5 - (-1 + (-1 - -1))) + -1.
5
What is 8 + -1 + (10 - 14)?
3
Calculate 0 + 2 + 9 + -6 - 0.
5
Calculate 1 - 11 - (-5 - -2).
-7
What is 1 + (0 + 1 - (20 - 23))?
5
What is the value of (20 - 11) + -7 + 0 + -8?
-6
Evaluate 0 - -13 - (14 + -3).
2
-4 + -7 + 1 - -16
6
What is the value of -5 - 7 - -6 - -13?
7
What is the value of -3 + 1 + (-1 - -3)?
0
Evaluate (-5 - -4) + -5 - -5.
-1
Calculate (5 - -2) + (2 - (1 + 4)).
4
Calculate 5 - 2 - (16 - 14).
1
Evaluate 3 + 1 + -8 + (1 - -6).
3
What is the value of -5 - -10 - (5 + -4 + -2)?
6
Evaluate (2 - (-4 + -2 - -2)) + -5.
1
Evaluate (3 - 0 - 9) + (34 - 20).
8
What is the value of 1 - (1 - -4) - 0?
-4
What is the value of 47 + -51 + 5 + 0?
1
-2 - (-7 - -1) - 2 - -2
4
3 + (-2 - -1) + -3
-1
Calculate -20 + 18 - (-2 - 0).
0
Calculate -2 + 8 + 2 - (5 - 4).
7
Evaluate (-1 - 1 - -5) + -3 + 8.
8
What is 3 - (-3 + 4 + 5)?
-3
4 + -8 + 3 + -4 + 8
3
What is -3 - 9 - -7 - 2?
-7
Calculate -217 + 218 + 0 + -8.
-7
What is the value of (1 - -6) + (86 - 86)?
7
Evaluate (2 + -1 - 5) + 9 + 1.
6
2 + (-2 - 0) + 3
3
What is the value of (12 + -3 - 8 - 18) + 9?
-8
Evaluate 1 - (-2 + -1 + 5 - -1).
-2
Calculate (3 - 3 - 3) + -2 + 6.
1
Evaluate (0 - 2) + (-6 - (-1 + -3)).
-4
What is 6 - (9 - (-1 + -1))?
-5
Calculate (10 + -4 - 4) + (9 - 18).
-7
Calculate -10 + 11 - (1 + -1 + 0).
1
What is -3 - (4 + (1 